{"id":189,"date":"2025-06-22T17:57:52","date_gmt":"2025-06-22T15:57:52","guid":{"rendered":"https:\/\/eaudelure.org\/?page_id=189"},"modified":"2025-07-28T11:35:08","modified_gmt":"2025-07-28T09:35:08","slug":"adherer","status":"publish","type":"page","link":"https:\/\/eaudelure.org\/index.php\/adherer\/","title":{"rendered":"Adh\u00e9rer"},"content":{"rendered":"\r\n<p>Vous pouvez adh\u00e9rer \u00e0 l&rsquo;association des <strong>Usagers de l&rsquo;eau Lure-Forcalquier<\/strong>, qui a cr\u00e9\u00e9 et alimente ce site Web.<\/p>\r\n<p>Si vous \u00eates d\u00e9j\u00e0 adh\u00e9rent vous pouvez faire un don <a href=\"https:\/\/eaudelure.org\/index.php\/faire-un-don\/\">sur cette page<\/a>.<\/p>\r\n<p>Pour adh\u00e9rer, vous pouvez utiliser la voie postale ou le paiement par carte de cr\u00e9dit en ligne.<\/p>\r\n<p>Par voie postale, renseignez un formulaire d&rsquo;adh\u00e9sion <a href=\"http:\/\/eaudelure.org\/wp-content\/uploads\/2025\/07\/Bulletin-dadhesion-simple.docx\">Word<\/a> ou <a href=\"http:\/\/eaudelure.org\/wp-content\/uploads\/2025\/07\/Bulletin-dadhesion-simple.pdf\" target=\"_blank\" rel=\"noopener\">PDF<\/a> et envoyez-le avec un ch\u00e8que \u00e0&nbsp;:<\/p>\r\n<p><strong>Usagers de l\u2019eau Lure-Forcalquier<\/strong><br \/>79, rue Tras les Ouers <br \/>04230 Saint-Etienne-les-Orgues<\/p>\r\n<p>Par carte de cr\u00e9dit utilisez l&rsquo;interface ci-dessous.<\/p>\r\n\r\n\r\n\t\t\t<iframe\n\t\t\t\tid=\"idIframe\"\n\t\t\t\tsrc=\"https:\/\/www.helloasso.com\/associations\/association-des-usagers-de-l-eau-de-la-communaute-de-communes-pays-de-forcalquier-montagne-de-lure\/adhesions\/bulletin-d-adhesion\/widget\"\n\t\t\t\theight=750px\"\t\t\t\twidth=100%\"\t\t\t\tframeborder=\"0\"\n\t\t\t\tloading=\"lazy\"\n\t\t\t\tallowtransparency=\"true\"\n\t\t\t\tonload=\"resizeIframeMessage()\"><\/iframe>\n\n","protected":false},"excerpt":{"rendered":"<p>Vous pouvez adh\u00e9rer \u00e0 l&rsquo;association des Usagers de l&rsquo;eau Lure-Forcalquier, qui a cr\u00e9\u00e9 et alimente ce site Web. Si vous \u00eates d\u00e9j\u00e0 adh\u00e9rent vous pouvez faire un don sur cette page. Pour adh\u00e9rer, vous pouvez utiliser la voie postale ou le paiement par carte de cr\u00e9dit en ligne. Par voie postale, renseignez un formulaire d&rsquo;adh\u00e9sion Word ou PDF et envoyez-le avec un ch\u00e8que \u00e0&nbsp;: Usagers de l\u2019eau Lure-Forcalquier79, rue Tras les Ouers 04230 Saint-Etienne-les-Orgues Par carte de cr\u00e9dit utilisez l&rsquo;interface ci-dessous.<\/p>\n","protected":false},"author":2,"featured_media":0,"parent":0,"menu_order":0,"comment_status":"closed","ping_status":"closed","template":"","meta":{"advanced_seo_description":"","jetpack_seo_html_title":"","jetpack_seo_noindex":false,"footnotes":""},"class_list":["post-189","page","type-page","status-publish","hentry"],"jetpack_sharing_enabled":true,"_links":{"self":[{"href":"https:\/\/eaudelure.org\/index.php\/wp-json\/wp\/v2\/pages\/189","targetHints":{"allow":["GET"]}}],"collection":[{"href":"https:\/\/eaudelure.org\/index.php\/wp-json\/wp\/v2\/pages"}],"about":[{"href":"https:\/\/eaudelure.org\/index.php\/wp-json\/wp\/v2\/types\/page"}],"author":[{"embeddable":true,"href":"https:\/\/eaudelure.org\/index.php\/wp-json\/wp\/v2\/users\/2"}],"replies":[{"embeddable":true,"href":"https:\/\/eaudelure.org\/index.php\/wp-json\/wp\/v2\/comments?post=189"}],"version-history":[{"count":8,"href":"https:\/\/eaudelure.org\/index.php\/wp-json\/wp\/v2\/pages\/189\/revisions"}],"predecessor-version":[{"id":234,"href":"https:\/\/eaudelure.org\/index.php\/wp-json\/wp\/v2\/pages\/189\/revisions\/234"}],"wp:attachment":[{"href":"https:\/\/eaudelure.org\/index.php\/wp-json\/wp\/v2\/media?parent=189"}],"curies":[{"name":"wp","href":"https:\/\/api.w.org\/{rel}","templated":true}]}}